*z = 348. What are the prime factors of p?
2, 23
Let h be 660/(-11)*3/2. List the prime factors of 54/15*h/(-12).
3
Let z = 748 + 486. What are the prime factors of z?
2, 617
Let f(v) = v**2 - 7*v + 12. Let t be f(5). Let d be (-4 + t)*(-203)/14. Suppose -33*h + 204 = -d*h. List the prime factors of h.
3, 17
Suppose -15*v + 12933 = 2703. List the prime factors of v.
2, 11, 31
Suppose 2*k + 332 = k - 3*j, -4*k - 2*j - 1288 = 0. Let y = k + 466. List the prime factors of y.
2, 73
Let l(d) = d**2 + 6*d - 5. Suppose -g + 70 = 3*g - 2*n, -5*g = n - 91. Suppose 0 = -2*j - g - 0. List the prime factors of l(j).
2, 11
Suppose 17143 + 11465 = 12*n. What are the prime factors of n?
2, 149
Let r = -9 - -9. Suppose 4*z + z = r. Suppose z = -5*l + l + 44. What are the prime factors of l?
11
Let m be ((-6)/2*-1)/1. Suppose 21*s = 12*s - 90. Let t = m - s. What are the prime factors of t?
13
Let x = 204 + 76. Suppose 2*f + 0*f + 45 = r, f = -5*r + x. List the prime factors of r.
5, 11
Let q(y) = -y**3 + 12*y**2 - 6*y + 5. Suppose -5*d - 3 = -2*u - 60, 0 = 2*d + 3*u - 19. Let a be q(d). Let z = a - 24. What are the prime factors of z?
2, 3
Let c(u) = -286*u - 160. List the prime factors of c(-15).
2, 5, 7, 59
Suppose 0 = 3*z - 12, 3926 = c + 3*z - 7*z. What are the prime factors of c?
2, 3, 73
Let o(z) = -6*z - 1. Let f be ((-20)/(-12))/(-5)*-3. Let k = f + -4. What are the prime factors of o(k)?
17
Let b(s) = 54*s**2 - s - 2. Let d be (-16)/(-10) - 12/20. Suppose -3 - d = 4*q. What are the prime factors of b(q)?
53
Let m(x) = x + 7. Let s be m(-5). Let h = -12 + 15. Suppose 3*i - 10 = i + h*u, -s*u = -2*i + 12. List the prime factors of i.
2
Let f be ((12/(-15))/1)/((-16)/40). Suppose 134 = f*b + 4*t, 5*t - 5 = 10. What are the prime factors of b?
61
Suppose -2*t = -2*p - 342 + 1176, -1628 = -4*p - 4*t. What are the prime factors of p?
2, 103
Let w(p) = 181*p + 4. Suppose 0 = 3*f - 12, 0 = -4*o - 0*f + f. List the prime factors of w(o).
5, 37
Let q be ((-2)/(-6))/((-8)/(-120)). Suppose 0 = 4*p - n - 223, 0*p + 3*p - q*n - 180 = 0. What are the prime factors of p?
5, 11
Let r(k) = 7*k + 51. Suppose 13*u + 0*u - 104 = 0. What are the prime factors of r(u)?
107
Let q = 71 - 67. Suppose -4*g + 2*r = -406, q*g + 2*r - 132 = 286. What are the prime factors of g?
103
Let f = 500 + -378. List the prime factors of f.
2, 61
Suppose 2 = -x + 5. List the prime factors of ((-3)/x)/(2/(-72)).
2, 3
Suppose -55*o - 7033 = -68*o. What are the prime factors of o?
541
List the prime factors of (-112)/12*1494/(-24).
7, 83
Suppose p - 25 = 2*q, 0 = -0*p + 3*p - 3*q - 72. Let g be 261/(-58)*(-1 - -1 - 2). Let i = p - g. List the prime factors of i.
2, 7
Suppose 4*w + 4*j - 4342 - 690 = 0, 0 = -w + j + 1266. What are the prime factors of w?
2, 631
Suppose 31*x - 6960 = 16*x. List the prime factors of x.
2, 29
Suppose 41*j - 56*j + 3300 = 0. What are the prime factors of j?
2, 5, 11
Let j(o) = -75*o**3 + o**2 + 3*o. List the prime factors of j(-2).
2, 13, 23
Let d(p) = -p**3 - 10*p**2 - 6*p - 13. Let s be d(-9). Let i be (-82)/5 - 16/s. Let a = i + 36. What are the prime factors of a?
2, 5
Let i(k) = -4*k**3 + 2*k**2 + k - 4. Let w be 8/14 + 18/(-7). What are the prime factors of i(w)?
2, 17
Let f = 119 + -49. Suppose -2*r + 18 = -f. Suppose 6*g + r = 8*g. List the prime factors of g.
2, 11
Suppose f + 39 = 4*f. Suppose -27 = -5*g + f. List the prime factors of g.
2
Let u be (-61 - -4)*(-2)/(-6). Let k = u - -94. List the prime factors of k.
3, 5
Suppose t - 5*n = -8, -n - 2 + 6 = t. Suppose 0 + 12 = -t*w. List the prime factors of (-24)/(-18) + (-70)/w.
13
List the prime factors of ((-1295)/15)/((-4)/12).
7, 37
Let y(p) = -p**3 + 12*p**2 + 8*p - 8. Let u be y(10). Let x = u + -167. List the prime factors of x.
3, 5, 7
Let v = 10 - 3. Suppose -4*j + 5*y + 0*y + 1320 = 0, 8 = -2*y. Suppose 0 = -2*w + v*w - j. List the prime factors of w.
5, 13
Suppose -2*r + 5522 = 4*x - 2802, 0 = 4*r - 16. List the prime factors of x.
3, 7, 11
Suppose 4*c + 8*k - 4*k - 344 = 0, 0 = -c + 5*k + 56. Suppose 120 = -3*u + u - 4*y, 4*u + 230 = 2*y. Let r = c + u. List the prime factors of r.
23
Suppose -9*t + 344 = -5*t. Suppose 0 = -2*a + t. What are the prime factors of a?
43
Let j(k) = -2*k + 2. Let i be j(4). Let n be i/(-18) - (-42)/9. Suppose y + 98 + 315 = n*r, -85 = -r + y. List the prime factors of r.
2, 41
Let c = 513 + 81. What are the prime factors of c?
2, 3, 11
Let n(p) = 119 - 55 + 21*p + 7*p**2 - 48. What are the prime factors of n(-7)?
2, 53
Let t = 52 - 54. What are the prime factors of 5 + 124 - (t + 1)?
2, 5, 13
Suppose -2*a = -5*s + 30, -3*s + a + 4 = -3*a. What are the prime factors of (-24)/32 + 622/s?
7, 11
Suppose -y + 69 = 4*q - 133, -2*y + q + 440 = 0. List the prime factors of y.
2, 109
Suppose 5*d + 0*c - 78 = -c, -74 = -4*d + 5*c. Suppose 13*u + 39 = d*u. List the prime factors of u.
13
Let t = 841 - 438. List the prime factors of t.
13, 31
Let a(t) = -2*t**2 + 1 + 5 + 4*t + 6*t**2 + 3*t. Let k be a(-5). Let q = k - 43. What are the prime factors of q?
2, 7
Suppose -5*u + 4*c - c = -576, 4*c = 3*u - 339. Let h = 197 - u. List the prime factors of h.
2, 5
Let u(s) = 41*s - 82. List the prime factors of u(11).
3, 41
Let u(q) = q**3 + 14*q**2 - 32*q - 1. List the prime factors of u(-14).
3, 149
Let u be 2 + -3 + 3 + -3 - 19. Let x = 58 + u. What are the prime factors of x?
2, 19
Let w(j) = -4*j**2. Let h be w(-1). Let x = -2 - h. Suppose 28 = 2*q + 3*q + 2*v, 0 = x*v + 2. What are the prime factors of q?
2, 3
Let h(w) = w**2 + 9*w + 3. Let u be h(-10). Suppose 17*d + 8 = u*d. Let m = d + 26. List the prime factors of m.
2, 3
Suppose 69 = 7*n - 134. Let l = 152 + -51. Let y = l - n. What are the prime factors of y?
2, 3
Let j(l) = 7*l**2 + 12*l - 1. List the prime factors of j(-3).
2, 13
Let z = 4062 - 2288. What are the prime factors of z?
2, 887
Let o(c) be the first derivative of c**3/3 - c**2/2 + 12. Let f be o(0). Suppose -167 = -5*d - 3*n, d - n - 35 + 0 = f. What are the prime factors of d?
2, 17
What are the prime factors of (2/3)/(30/6885)?
3, 17
Suppose 19*r - 14*r = -3*j + 17386, j - 2 = 0. List the prime factors of r.
2, 11, 79
Suppose -4*x - 16 = -0*x, -2*x = 2*i + 14. What are the prime factors of i/(-4) + 4/(64/852)?
2, 3
Suppose 4*t = -2*g + 5486, 15*t - 12381 = 6*t + 3*g. What are the prime factors of t?
2, 3, 229
What are the prime factors of 7/(168/(-7664))*-6?
2, 479
Let n(p) = -p. Let k(r) = -15*r + 11. Let s(c) = -k(c) - 6*n(c). Let m be s(6). What are the prime factors of 1/(465/m - 4)?
23
Let f = -10 - -10. Suppose w - g - 20 = f, -3*g - 11 - 31 = -2*w. List the prime factors of (15/9)/(5/w).
2, 3
Suppose 0*p - 4*p + 1724 = 0. Suppose 143 = -3*g + p. Let s = g - 59. What are the prime factors of s?
37
Let c be 2/((-6)/(-189)) - -1. What are the prime factors of (-7 - c)/(1/(-1))?
71
Suppose -26250 = -11*t + 22568. What are the prime factors of t?
2, 7, 317
Let k(q) = 31*q**2 - 10*q + 31. What are the prime factors of k(7)?
2, 5, 37
Let a(z) = z**3 + 5*z**2 - 4*z - 4. Let i be a(-5). Let y = i + -6. Let q = y - -19. List the prime factors of q.
29
List the prime factors of (-1)/(5/(-1085) - (1 - 1)).
7, 31
List the prime factors of 3*(-4 - -1570*4/24).
773
Suppose 0 = m - 1144 + 49. What are the prime factors of m?
3, 5, 73
What are the prime factors of 27/18*(44 - (-4)/(-2))?
3, 7
Suppose 21*n - 18*n = 99. Suppose 5*s + n = 8, 3*l + 5*s = 65. List the prime factors of l.
2, 3, 5
Suppose -2*p = 3*j - 46, 3*j + 4*p - 35 = 3. What are the prime factors of (-2 - (-10)/(-4))*(-624)/j?
2, 3, 13
Suppose 5*t - 423 - 1532 = 0. List the prime factors of t.
17, 23
Let p be (-52)/(-14) + 4/14. Let a(l) = 12 - 3*l**2 - p + 0*l + 5*l**2 + 8*l. List the prime factors of a(-6).
2
Suppose 0 = 338*w - 335*w - 2232. What are the prime factors of w?
2, 3, 31
Let t(v) = -v**3 + 4*v + 3. Let u be t(-1). Suppose 82 = 2*y + 5*w, 4*w + 100 = 3*y - u*y. List the prime factors of y.
2, 3
Suppose 3*l - 2*l = 6. Let p(c) = -7 + 65*c**2 - 64*c**2 - c - c. List the prime factors of p(l).
17
Let l(u) = 2*u**3 - 2*u**2 - 3*u - 2. Let y be l(4). Suppose -8 = -a + y. Suppose -6*v + a = -v. List the prime factors of v.
2, 3
Suppose -303 = -8*n + 833. Let w = -14 + n. What are the prime